s of (-2 - 1) + 3*148/c.
2, 17
Let n be 5/((-21)/(-6) - 1). Suppose a = 3*f + f - 252, -n*f - 3*a + 126 = 0. What are the prime factors of f?
3, 7
Let o(p) = 4*p**2 + 2*p - 4. Let r be o(-2). Let l(y) = r*y**2 - 6 + 9*y + 18 + 2*y**2 + 2*y**2. List the prime factors of l(-4).
2, 3, 7
Let m = 138060 - 93418. List the prime factors of m.
2, 13, 17, 101
Suppose -117*k + 113*k - 20 = 0. What are the prime factors of k/(-1) - (10 - 1351)?
2, 673
Let n be -1112 - (-4 + 4) - 10/2. Let z = -765 - n. List the prime factors of z.
2, 11
Let z(t) = -t**3 + 11*t**2 + 8*t + 3. Let n be 70*(-3 - (0 + -4)). Let c be -3*(20/n - (-83)/(-21)). List the prime factors of z(c).
7, 13
Let o(h) = 2*h - 82. Let a be o(9). Let v = 35 - a. List the prime factors of v.
3, 11
Let k(q) = q**2 + 16*q + 32. Let i be k(-14). What are the prime factors of (i + -1)/(36/1164)?
97
Let y(s) = -14*s**3 + 11*s**2 - 2*s + 67. What are the prime factors of y(-8)?
5, 37, 43
Let q(r) = 30*r + 55*r + 19 + 13*r. What are the prime factors of q(3)?
313
Suppose 402 = 18*x - 16*x - 2*d, -2*x - d = -396. Suppose -3*p + x = -980. What are the prime factors of p?
3, 131
Suppose -7*u + 6*u = 3*t + 3, 3*t = u - 9. Let p(f) = f - 17 - u*f + 4*f + 40. List the prime factors of p(-5).
13
Let l(v) = -v**2 + 14*v - 4. Let w be l(6). Suppose -39*k - 1065 = -w*k. List the prime factors of k.
3, 71
Suppose 0 = 4*v + 2*p - 24, -4*v - 7 = 4*p - 31. Let o be v/(-10) + (-371)/(-35) + -6. What are the prime factors of o/(-22) + 17176/88?
3, 5, 13
Let k(d) = 6353*d**3 - 3*d**2 - d + 1. What are the prime factors of k(1)?
2, 5, 127
Let w be (2 + 26)*(-9 - 20). Let f = 2721 + w. What are the prime factors of f?
23, 83
Let t = -91 - -94. Suppose -3*q - 2*q + 145 = t*s, -4*s + 5*q + 170 = 0. List the prime factors of s.
3, 5
Let f = 26 - 23. Suppose f = 4*v - 17. Suppose -v*w - 5 = 0, -3*z + 2*w = -2*z - 8. List the prime factors of z.
2, 3
Let q(u) = -u**2 - u + 75. Let y be q(9). What are the prime factors of (y/2 - -3)/((-3)/8)?
2, 3
Suppose 0 = -13*r + 12*r + 182. Suppose -2*b = z - r - 226, -3*b + 4*z + 612 = 0. Suppose 4*q + 17 + 55 = a, b = 2*a + 4*q. What are the prime factors of a?
2, 23
Let h(r) = r**3 - 24*r**2 + r + 22. Let g = 472 + -447. List the prime factors of h(g).
2, 3, 7
Let z(m) = 2117*m + 28. Let c be z(1). Suppose -3*g = 5*d - c, g + 0*d = -3*d + 719. What are the prime factors of g?
2, 5, 71
Let x be (-1 + 3)/(6/9)*1019. Suppose -519 - x = -8*j. List the prime factors of j.
3, 149
Let a = 4 + 8. Suppose -v - 4*x = -0*x + a, 4*v = -3*x - 9. Suppose v = -4*m + 5*u + 99, 4*m = -0*m + u + 103. List the prime factors of m.
2, 13
Suppose 15*j + 41 - 341 = 0. What are the prime factors of (-655)/(3 - j/5)?
5, 131
Let s(j) = -j - 3. Let l be s(-5). Let f be 13/l - 2/((-4)/(-3)). Suppose -q - 3*q = -f*b + 556, 2*q + 334 = 3*b. List the prime factors of b.
2, 7
Suppose 0 = -3*j + r + 36042, -4*r = 3*j + 4625 - 40667. List the prime factors of j.
2, 6007
Suppose 2*c + 5 = 5*p - 73, -c - 47 = -3*p. Let x(s) = 2*s + 0 - 12 - 1. What are the prime factors of x(p)?
19
Suppose 2*u + 2*u + 3113 = -q, -3*u = 0. Let l = 4421 + q. What are the prime factors of l?
2, 3, 109
Let l = -12 + 17. Let m be (-3)/36*-4*(21 - 9). Suppose -m*j = j + 15, 16 = g + l*j. What are the prime factors of g?
31
Suppose -503387 = -7*n - 5*n - 5*n. What are the prime factors of n?
29611
Suppose -o + 6 - 49 = -3*h, h - 3*o - 9 = 0. Let r be 996 + (-1 - 2) + 2. Suppose h = -5*a + r. What are the prime factors of a?
2, 7
Suppose -3*c = 2*v - 73126, -4*c + 22820 = 2*v - 50304. List the prime factors of v.
2, 47, 389
Let m(t) = t**2 + t - 2. Let p(c) be the third derivative of -c**5/60 + c**4/8 + 4*c**3 - 25*c**2. Let h be p(6). List the prime factors of m(h).
2, 5
Let d = 33 - 37. Let y be d*((-6)/4 + 1). Suppose r = 3*z + z + 79, -223 = -3*r - y*z. What are the prime factors of r?
3, 5
Suppose -3*u + 328 = -a, 3*a + a = -4*u - 1328. Let r(c) = 22*c**3 + c**2 - 2*c - 2. Let b be r(-2). Let w = b - a. List the prime factors of w.
7, 23
Let f(v) = -3*v**3 - 105*v**2 - 67*v + 17. What are the prime factors of f(-40)?
3, 11, 809
Let h(l) = 33 - 34 - 168 - 28*l - 174 + 44. List the prime factors of h(-12).
37
Let a(u) = 5*u**2 - 58*u + 55. Let t be a(24). Suppose 2*g - t = 905. List the prime factors of g.
2, 3, 17
Let c(x) = 142*x - 1286. What are the prime factors of c(70)?
2, 4327
Suppose a + 2*j - 5 = 5*j, -3*a + 15 = 2*j. Suppose 15*g = 13*g + 4*x + 1122, -4*x = a*g - 2777. What are the prime factors of g?
557
Let w(g) = 2*g**2 - 25*g - 34. Let q be w(28). Suppose n - q = 2*z, 5*n - 11*z - 4170 = -7*z. What are the prime factors of n?
2, 3, 139
Let z be 0 + 8 - (1 - (-2 + 2)). Suppose -z*y + 644 + 168 = 0. Suppose 306 = 2*f + y. What are the prime factors of f?
5, 19
Suppose 0 = -7*t + 10*t - 3. Suppose -q + 6 = t. List the prime factors of q + -6 - ((2 - 0) + -43).
2, 5
Let j = -7091 - -11919. List the prime factors of j.
2, 17, 71
Let s be (110112/9)/4*6/4. Suppose 4*j + 360 + s = 4*p, -2*p - 4*j + 2474 = 0. List the prime factors of p.
1237
Let a(i) = -i**3 - 13*i**2 + 2. Let t = 38 - 51. Let c be a(t). What are the prime factors of ((-945)/(-18))/(c/4)?
3, 5, 7
What are the prime factors of (-2994)/2495*3/((-18)/163040)?
2, 1019
Let q(c) = 5*c + 151. Let o be q(-30). Suppose -3*y + 3495 = 3*r, -y - o = -5. List the prime factors of r.
3, 43
Let c(a) = -1077*a**3 + 12*a**2 + 15*a - 7. What are the prime factors of c(-2)?
8627
Let y = -166854 + 239835. List the prime factors of y.
3, 17, 53
Suppose 23*s + 1695000 = 99*s - 16*s. List the prime factors of s.
2, 5, 113
Suppose 0 = 74*t - 69*t + 2*f + 65671, -5*t - 65656 = -3*f. Let q be (1 - 5)*(-2)/4. List the prime factors of (-1)/q*-3 - t/46.
7, 41
Let y be (-1)/((2*2/(-4))/(-316)). Let f = 632 + y. Suppose -f = 2*u - 6*u. List the prime factors of u.
79
Let b be -1 - 42/(-18) - 7998/(-9). Suppose 10*t + b = 5610. List the prime factors of t.
2, 59
Let r = 110 - 109. Let l be (-10)/15*-3 - r*763. List the prime factors of 17/(-85) + l/(-5).
2, 19
Let t(n) = -11*n + 1. Let b be t(-2). Let d = b - 19. Suppose -o + 10 = d*o. What are the prime factors of o?
2
Let p(o) = 13*o**2 - 30*o + 308. List the prime factors of p(-45).
27983
Let m = -90 + 155. What are the prime factors of -2*2/26 + 3065/m?
47
Suppose 4*l + 16 = 4*w - 0, -4*l - 34 = 5*w. What are the prime factors of 1352/l*36/(-24)?
2, 13
Suppose 0 = 113*k - 109*k - 5084. Suppose 0 = 3*h - 4*g - k, -2*h + 26 = 2*g - 812. What are the prime factors of h?
421
Let t = 3427 + 720. What are the prime factors of t?
11, 13, 29
Let b = -3282 - -15326. List the prime factors of b.
2, 3011
Let m(p) = p**2 - 5*p - 5. Let i(b) = 2*b**2 - 4*b - 6. Let c(y) = 4*i(y) - 5*m(y). Let v be c(-12). Suppose 8*u - v = 3*u. What are the prime factors of u?
5, 13
Let s be (484/16)/11 + (-3)/(-12). Suppose -1690 = -s*h - 2*h + 4*x, -5*h + 1690 = -3*x. What are the prime factors of h?
2, 13
Let s(y) = -553*y**3 + 6*y**2 + 7*y + 1. Suppose -1 = -3*r + o, -3*o = r - 5*o - 7. List the prime factors of s(r).
7, 79
Suppose -x - 9 = -115. Let o(n) = 4*n - 104. Let d be o(26). Suppose 0*v - v + x = d. What are the prime factors of v?
2, 53
Let n(o) = -4834*o**3 + 6*o**2 + 10*o + 8. List the prime factors of n(-1).
2, 41, 59
What are the prime factors of -7*2*(-30479)/58?
7, 1051
List the prime factors of 27 + 3640320/200 - (-7)/5.
2, 5, 1823
Let m(g) = -g**2 - 35*g - 42 - 41 + 14 + 1. List the prime factors of m(-22).
2, 109
Let h be 9/3 + 3 + 4/(-2). Let r be ((-2)/(-3))/(h/(-6)). What are the prime factors of (6 + -10)/(r/2)?
2
Let x = 22374 - 15228. List the prime factors of x.
2, 3, 397
What are the prime factors of 30/75 - 1449078/(-30) - -8?
48311
Suppose -134*u + 15*u + 810690 + 195693 = 0. List the prime factors of u.
3, 2819
Let l = 172 - 713. Let a = l - -1011. Let j = -321 + a. What are the prime factors of j?
149
Suppose 127*i - 71*i - 67*i = -283976. List the prime factors of i.
2, 7, 461
Suppose 15*t + 3007 = 439177. List the prime factors of t.
2, 7, 31, 67
Suppose 0*m = -3*p - 3*m + 111, -6 = -2*m. Suppose 0 = -p*i + 33*i - 55. List the prime factors of (-2)/(i/15 + 3).
3
Let z be (1 + (-12)/(-8))/(5/(-10)). List the prime factors of (1758/(